emainder when 249010 is divided by 248229?
781
What is the remainder when 5308793 is divided by 773?
602
Calculate the remainder when 247787516 is divided by 931.
4
What is the remainder when 84346 is divided by 8066?
3686
Calculate the remainder when 1136710 is divided by 284170.
30
What is the remainder when 15248540 is divided by 13?
8
Calculate the remainder when 88739 is divided by 22120.
259
Calculate the remainder when 600730 is divided by 188.
70
Calculate the remainder when 173274 is divided by 225.
24
What is the remainder when 262293 is divided by 216?
69
What is the remainder when 82859 is divided by 11771?
462
Calculate the remainder when 77924319 is divided by 27.
24
What is the remainder when 60011077 is divided by 1427?
19
What is the remainder when 2216877 is divided by 22?
3
What is the remainder when 298238056 is divided by 41?
38
Calculate the remainder when 2033192 is divided by 677666.
194
Calculate the remainder when 459431 is divided by 29.
13
What is the remainder when 3187808 is divided by 273?
260
What is the remainder when 2587920 is divided by 5?
0
Calculate the remainder when 1829040 is divided by 2.
0
What is the remainder when 16013622 is divided by 3124?
3122
What is the remainder when 49419165 is divided by 4092?
81
What is the remainder when 240377 is divided by 608?
217
Calculate the remainder when 2190917 is divided by 157.
139
Calculate the remainder when 2479699 is divided by 24.
19
What is the remainder when 189109 is divided by 1305?
1189
What is the remainder when 5033 is divided by 823?
95
Calculate the remainder when 1192302 is divided by 1476.
1170
What is the remainder when 552266 is divided by 525?
491
Calculate the remainder when 1012089 is divided by 4032.
57
Calculate the remainder when 2181877 is divided by 3967.
27
What is the remainder when 58048 is divided by 19320?
88
What is the remainder when 8525290 is divided by 228?
142
What is the remainder when 34997 is divided by 17190?
617
What is the remainder when 45878 is divided by 11132?
1350
What is the remainder when 513622 is divided by 123?
97
Calculate the remainder when 81134 is divided by 455.
144
Calculate the remainder when 13512686 is divided by 337817.
6
Calculate the remainder when 230330 is divided by 57259.
1294
What is the remainder when 40395155 is divided by 1186?
1181
Calculate the remainder when 4858931 is divided by 681.
677
Calculate the remainder when 5269 is divided by 1002.
259
Calculate the remainder when 3763756 is divided by 880.
876
What is the remainder when 4330753 is divided by 22556?
1
Calculate the remainder when 92532 is divided by 1356.
324
What is the remainder when 68537555 is divided by 65?
60
What is the remainder when 971980 is divided by 242994?
4
Calculate the remainder when 9303596 is divided by 509.
94
What is the remainder when 115178 is divided by 18805?
2348
What is the remainder when 548365479 is divided by 182788489?
12
What is the remainder when 55709 is divided by 13688?
957
Calculate the remainder when 807922118 is divided by 37.
34
Calculate the remainder when 6363826 is divided by 17293.
2
What is the remainder when 1956178 is divided by 894?
106
What is the remainder when 653358 is divided by 58?
46
What is the remainder when 24752137 is divided by 3?
1
What is the remainder when 671347 is divided by 19?
1
What is the remainder when 17197720 is divided by 373?
182
Calculate the remainder when 895169 is divided by 1917.
1847
Calculate the remainder when 81080 is divided by 9002.
62
What is the remainder when 343388 is divided by 4846?
4168
Calculate the remainder when 669854 is divided by 297.
119
What is the remainder when 1925021 is divided by 1244?
553
Calculate the remainder when 109370090 is divided by 3898.
6
Calculate the remainder when 9065481 is divided by 907.
16
What is the remainder when 305625 is divided by 14537?
348
Calculate the remainder when 6249528 is divided by 515.
3
What is the remainder when 342403058 is divided by 11?
8
Calculate the remainder when 18519 is divided by 8102.
2315
What is the remainder when 1182882 is divided by 9314?
4
What is the remainder when 29610944 is divided by 455?
454
What is the remainder when 483403 is divided by 241701?
1
What is the remainder when 104249024 is divided by 29?
27
What is the remainder when 16995 is divided by 1538?
77
Calculate the remainder when 3718995 is divided by 106256.
35
Calculate the remainder when 9179522 is divided by 213477.
11
What is the remainder when 509910 is divided by 169864?
318
What is the remainder when 13402071 is divided by 1535?
1521
What is the remainder when 1011504 is divided by 221?
208
What is the remainder when 12578745 is divided by 4192884?
93
What is the remainder when 7825367 is divided by 19466?
35
What is the remainder when 3361828 is divided by 88?
52
What is the remainder when 297188 is divided by 5403?
23
Calculate the remainder when 1528921 is divided by 7421.
195
What is the remainder when 768042 is divided by 227?
101
Calculate the remainder when 13378 is divided by 828.
130
Calculate the remainder when 1342757 is divided by 26.
13
What is the remainder when 44121076 is divided by 76?
36
What is the remainder when 191218 is divided by 119?
104
Calculate the remainder when 39518366 is divided by 17.
13
What is the remainder when 49712 is divided by 378?
194
What is the remainder when 825220 is divided by 205627?
2712
What is the remainder when 243724 is divided by 294?
292
Calculate the remainder when 167873625 is divided by 364151.
14
Calculate the remainder when 325943 is divided by 2012.
2011
What is the remainder when 421783 is divided by 1185?
1108
What is the remainder when 19921 is divided by 19873?
48
Calculate the remainder when 26052789 is divided by 30.
9
Calculate the remainder when 194777 is divided by 775.
252
What is the remainder when 32818 is divided by 6511?
263
What is the remainder when 45007279 is divided by 60?
19
Calculate the remainder when 1000222 is divided by 2748.
2698
Calculate the remainder when 3947394 is divided by 261.
30
Calculate the remainder when 1323147 is divided by 4211.
893
Calculate the remainder when 10040285 is divided by 1434298.
199
Calculate the remainder when 3444933 is divided by 164043.
30
What is the remainder when 1121043 is divided by 1015?
483
What is the remainder when 88949 is divided by 1674?
227
What is the remainder when 20967 is divided by 657?
600
What is the remainder when 111023381 is divided by 37007792?
5
Calculate the remainder when 1089424 is divided by 433.
429
What is the remainder when 244842 is divided by 454?
136
What is the remainder when 12021728 is divided by 632722?
10
Calculate the remainder when 35976 is divided by 4877.
1837
What is the remainder when 1286323861 is divided by 133?
130
Calculate the remainder when 1490056 is divided by 46.
24
What is the remainder when 181056980 is divided by 492?
488
Calculate the remainder when 4134 is divided by 1291.
261
What is the remainder when 32461250 is divided by 40?
10
Calculate the remainder when 408799660 is divided by 4.
0
Calculate the remainder when 3127205 is divided by 302.
297
Calculate the remainder when 2675882 is divided by 7559.
7555
Calculate the remainder when 5732293 is divided by 5732278.
15
Calculate the remainder when 1600484 is divided by 1301.
254
What is the remainder when 498418 is divided by 238?
46
Calculate the remainder when 4660156 is divided by 4660107.
49
Calculate the remainder when 47392 is divided by 1930.
1072
Calculate the remainder when 22672873 is divided by 2267286.
13
Calculate the remainder when 151368 is divided by 74443.
2482
What is the remainder when 18476575 is divided by 35738?
29
What is the remainder when 5787906 is divided by 154?
124
Calculate the remainder when 6910626 is divided by 431914.
2
Calculate the remainder when 142795773 is divided by 2967.
2964
What is the remainder when 237047 is divided by 118417?
213
What is the remainder when 2862002 is divided by 2409?
110
What is the remainder when 405573 is divided by 81113?
8
What is the remainder when 218134 is divided by 113?
44
What is the remainder when 394557 is divided by 316?
189
What is the remainder when 320725 is divided by 15311?
14505
Calcula